{"id":159083,"date":"2021-07-21T12:19:50","date_gmt":"2021-07-21T10:19:50","guid":{"rendered":"https:\/\/bandelin.com\/?post_type=docs&#038;p=159083"},"modified":"2025-09-29T15:56:37","modified_gmt":"2025-09-29T13:56:37","password":"","slug":"puis-je-ve-utiliser-leau-dans-mon-bain-ultrasonique","status":"publish","type":"docs","link":"https:\/\/bandelin.com\/fr\/docs\/betriebs-funktionspruefung\/kann-ich-ve-wasser-in-meinem-ultraschallbad-einsetzen\/","title":{"rendered":"Puis-je utiliser de l'eau d\u00e9min\u00e9ralis\u00e9e dans mon bain \u00e0 ultrasons ?"},"content":{"rendered":"<p>L'eau d\u00e9min\u00e9ralis\u00e9e pure a une tension de surface tr\u00e8s \u00e9lev\u00e9e et endommage la cuve en acier inoxydable en cas de fonctionnement aux ultrasons. . Utilis\u00e9e avec une pr\u00e9paration de nettoyage appropri\u00e9e, l'eau d\u00e9min\u00e9ralis\u00e9e peut am\u00e9liorer l'efficacit\u00e9 du nettoyage.<\/p>","protected":false},"excerpt":{"rendered":"<p>L'eau d\u00e9min\u00e9ralis\u00e9e pure a une tension de surface tr\u00e8s \u00e9lev\u00e9e et endommage la cuve en acier inoxydable en cas de fonctionnement aux ultrasons. . Utilis\u00e9e avec une pr\u00e9paration de nettoyage appropri\u00e9e, l'eau d\u00e9min\u00e9ralis\u00e9e peut am\u00e9liorer l'efficacit\u00e9 du nettoyage.<\/p>","protected":false},"author":3,"featured_media":0,"template":"","meta":{"_acf_changed":false,"footnotes":""},"doc_category":[14386],"doc_tag":[],"class_list":["post-159083","docs","type-docs","status-publish","hentry","doc_category-betriebs-funktionspruefung"],"acf":[],"year_month":"2026-05","word_count":31,"total_views":0,"reactions":{"happy":0,"normal":0,"sad":0},"author_info":{"name":"J Bandelin","author_nicename":"jobandelin","author_url":"https:\/\/bandelin.com\/fr\/author\/jobandelin\/"},"doc_category_info":[{"term_name":"Betriebs &amp; Funktionspr\u00fcfung","term_url":"https:\/\/bandelin.com\/fr\/docs-category\/betriebs-funktionspruefung\/"}],"doc_tag_info":[],"yoast_head":"<!-- This site is optimized with the Yoast SEO plugin v27.5 - https:\/\/yoast.com\/product\/yoast-seo-wordpress\/ -->\n<title>VE-Wasser im Ultraschallbad? Unsere Hinweise | BANDELIN<\/title>\n<meta name=\"description\" content=\"Informationen Sie sich \u00fcber Kann ich VE-Wasser in meinem Ultraschallbad einsetzen? | Hochwertige Ultraschallb\u00e4der f\u00fcr Medizin und Industrie von Bandelin Electronic seit 1955.\" \/>\n<meta name=\"robots\" content=\"index, follow, max-snippet:-1, max-image-preview:large, max-video-preview:-1\" \/>\n<link rel=\"canonical\" href=\"https:\/\/bandelin.com\/fr\/docs\/test-de-fonctionnement\/puis-je-ve-utiliser-leau-dans-mon-bain-ultrasonique\/\" \/>\n<meta property=\"og:locale\" content=\"fr_FR\" \/>\n<meta property=\"og:type\" content=\"article\" \/>\n<meta property=\"og:title\" content=\"VE-Wasser im Ultraschallbad? Unsere Hinweise | BANDELIN\" \/>\n<meta property=\"og:description\" content=\"Informationen Sie sich \u00fcber Kann ich VE-Wasser in meinem Ultraschallbad einsetzen? | Hochwertige Ultraschallb\u00e4der f\u00fcr Medizin und Industrie von Bandelin Electronic seit 1955.\" \/>\n<meta property=\"og:url\" content=\"https:\/\/bandelin.com\/fr\/docs\/test-de-fonctionnement\/puis-je-ve-utiliser-leau-dans-mon-bain-ultrasonique\/\" \/>\n<meta property=\"og:site_name\" content=\"BANDELIN electronic GmbH &amp; Co. KG\" \/>\n<meta property=\"article:publisher\" content=\"https:\/\/de-de.facebook.com\/bandelin.electronic\/\" \/>\n<meta property=\"article:modified_time\" content=\"2025-09-29T13:56:37+00:00\" \/>\n<meta name=\"twitter:card\" content=\"summary_large_image\" \/>\n<meta name=\"twitter:label1\" content=\"Dur\u00e9e de lecture estim\u00e9e\" \/>\n\t<meta name=\"twitter:data1\" content=\"1 minute\" \/>\n<script type=\"application\/ld+json\" class=\"yoast-schema-graph\">{\"@context\":\"https:\\\/\\\/schema.org\",\"@graph\":[{\"@type\":\"WebPage\",\"@id\":\"https:\\\/\\\/bandelin.com\\\/docs\\\/betriebs-funktionspruefung\\\/kann-ich-ve-wasser-in-meinem-ultraschallbad-einsetzen\\\/\",\"url\":\"https:\\\/\\\/bandelin.com\\\/docs\\\/betriebs-funktionspruefung\\\/kann-ich-ve-wasser-in-meinem-ultraschallbad-einsetzen\\\/\",\"name\":\"VE-Wasser im Ultraschallbad? Unsere Hinweise | BANDELIN\",\"isPartOf\":{\"@id\":\"https:\\\/\\\/bandelin.com\\\/#website\"},\"datePublished\":\"2021-07-21T10:19:50+00:00\",\"dateModified\":\"2025-09-29T13:56:37+00:00\",\"description\":\"Informationen Sie sich \u00fcber Kann ich VE-Wasser in meinem Ultraschallbad einsetzen? | Hochwertige Ultraschallb\u00e4der f\u00fcr Medizin und Industrie von Bandelin Electronic seit 1955.\",\"breadcrumb\":{\"@id\":\"https:\\\/\\\/bandelin.com\\\/docs\\\/betriebs-funktionspruefung\\\/kann-ich-ve-wasser-in-meinem-ultraschallbad-einsetzen\\\/#breadcrumb\"},\"inLanguage\":\"fr-FR\",\"potentialAction\":[{\"@type\":\"ReadAction\",\"target\":[\"https:\\\/\\\/bandelin.com\\\/docs\\\/betriebs-funktionspruefung\\\/kann-ich-ve-wasser-in-meinem-ultraschallbad-einsetzen\\\/\"]}]},{\"@type\":\"BreadcrumbList\",\"@id\":\"https:\\\/\\\/bandelin.com\\\/docs\\\/betriebs-funktionspruefung\\\/kann-ich-ve-wasser-in-meinem-ultraschallbad-einsetzen\\\/#breadcrumb\",\"itemListElement\":[{\"@type\":\"ListItem\",\"position\":1,\"name\":\"Startseite\",\"item\":\"https:\\\/\\\/bandelin.com\\\/\"},{\"@type\":\"ListItem\",\"position\":2,\"name\":\"Docs\",\"item\":\"https:\\\/\\\/bandelin.com\\\/docs\\\/\"},{\"@type\":\"ListItem\",\"position\":3,\"name\":\"Kann ich VE-Wasser in meinem Ultraschallbad einsetzen?\"}]},{\"@type\":\"WebSite\",\"@id\":\"https:\\\/\\\/bandelin.com\\\/#website\",\"url\":\"https:\\\/\\\/bandelin.com\\\/\",\"name\":\"BANDELIN electronic GmbH & Co. KG\",\"description\":\"Ultraschall seit 1955\",\"publisher\":{\"@id\":\"https:\\\/\\\/bandelin.com\\\/#organization\"},\"potentialAction\":[{\"@type\":\"SearchAction\",\"target\":{\"@type\":\"EntryPoint\",\"urlTemplate\":\"https:\\\/\\\/bandelin.com\\\/?s={search_term_string}\"},\"query-input\":{\"@type\":\"PropertyValueSpecification\",\"valueRequired\":true,\"valueName\":\"search_term_string\"}}],\"inLanguage\":\"fr-FR\"},{\"@type\":\"Organization\",\"@id\":\"https:\\\/\\\/bandelin.com\\\/#organization\",\"name\":\"BANDELIN electronic GmbH & Co. KG\",\"url\":\"https:\\\/\\\/bandelin.com\\\/\",\"logo\":{\"@type\":\"ImageObject\",\"inLanguage\":\"fr-FR\",\"@id\":\"https:\\\/\\\/bandelin.com\\\/#\\\/schema\\\/logo\\\/image\\\/\",\"url\":\"\",\"contentUrl\":\"\",\"caption\":\"BANDELIN electronic GmbH & Co. KG\"},\"image\":{\"@id\":\"https:\\\/\\\/bandelin.com\\\/#\\\/schema\\\/logo\\\/image\\\/\"},\"sameAs\":[\"https:\\\/\\\/de-de.facebook.com\\\/bandelin.electronic\\\/\",\"https:\\\/\\\/www.instagram.com\\\/bandelin_ultrasonic\\\/?hl=de\",\"https:\\\/\\\/www.linkedin.com\\\/company\\\/bandelin-electronic-gmbh-amp-co-kg\",\"https:\\\/\\\/www.youtube.com\\\/channel\\\/UC5wTNrNxkwMmX-WzysQqw3g\"]}]}<\/script>\n<!-- \/ Yoast SEO plugin. -->","yoast_head_json":{"title":"Eau d\u00e9min\u00e9ralis\u00e9e dans un bain \u00e0 ultrasons ? Nos conseils | BANDELIN","description":"Informations sur Puis-je utiliser de l'eau d\u00e9min\u00e9ralis\u00e9e dans mon bain \u00e0 ultrasons ? | Bains \u00e0 ultrasons de haute qualit\u00e9 pour la m\u00e9decine et l'industrie de Bandelin Electronic depuis 1955.","robots":{"index":"index","follow":"follow","max-snippet":"max-snippet:-1","max-image-preview":"max-image-preview:large","max-video-preview":"max-video-preview:-1"},"canonical":"https:\/\/bandelin.com\/fr\/docs\/test-de-fonctionnement\/puis-je-ve-utiliser-leau-dans-mon-bain-ultrasonique\/","og_locale":"fr_FR","og_type":"article","og_title":"VE-Wasser im Ultraschallbad? Unsere Hinweise | BANDELIN","og_description":"Informationen Sie sich \u00fcber Kann ich VE-Wasser in meinem Ultraschallbad einsetzen? | Hochwertige Ultraschallb\u00e4der f\u00fcr Medizin und Industrie von Bandelin Electronic seit 1955.","og_url":"https:\/\/bandelin.com\/fr\/docs\/test-de-fonctionnement\/puis-je-ve-utiliser-leau-dans-mon-bain-ultrasonique\/","og_site_name":"BANDELIN electronic GmbH &amp; Co. KG","article_publisher":"https:\/\/de-de.facebook.com\/bandelin.electronic\/","article_modified_time":"2025-09-29T13:56:37+00:00","twitter_card":"summary_large_image","twitter_misc":{"Dur\u00e9e de lecture estim\u00e9e":"1 minute"},"schema":{"@context":"https:\/\/schema.org","@graph":[{"@type":"WebPage","@id":"https:\/\/bandelin.com\/docs\/betriebs-funktionspruefung\/kann-ich-ve-wasser-in-meinem-ultraschallbad-einsetzen\/","url":"https:\/\/bandelin.com\/docs\/betriebs-funktionspruefung\/kann-ich-ve-wasser-in-meinem-ultraschallbad-einsetzen\/","name":"Eau d\u00e9min\u00e9ralis\u00e9e dans un bain \u00e0 ultrasons ? Nos conseils | BANDELIN","isPartOf":{"@id":"https:\/\/bandelin.com\/#website"},"datePublished":"2021-07-21T10:19:50+00:00","dateModified":"2025-09-29T13:56:37+00:00","description":"Informations sur Puis-je utiliser de l'eau d\u00e9min\u00e9ralis\u00e9e dans mon bain \u00e0 ultrasons ? | Bains \u00e0 ultrasons de haute qualit\u00e9 pour la m\u00e9decine et l'industrie de Bandelin Electronic depuis 1955.","breadcrumb":{"@id":"https:\/\/bandelin.com\/docs\/betriebs-funktionspruefung\/kann-ich-ve-wasser-in-meinem-ultraschallbad-einsetzen\/#breadcrumb"},"inLanguage":"fr-FR","potentialAction":[{"@type":"ReadAction","target":["https:\/\/bandelin.com\/docs\/betriebs-funktionspruefung\/kann-ich-ve-wasser-in-meinem-ultraschallbad-einsetzen\/"]}]},{"@type":"BreadcrumbList","@id":"https:\/\/bandelin.com\/docs\/betriebs-funktionspruefung\/kann-ich-ve-wasser-in-meinem-ultraschallbad-einsetzen\/#breadcrumb","itemListElement":[{"@type":"ListItem","position":1,"name":"Startseite","item":"https:\/\/bandelin.com\/"},{"@type":"ListItem","position":2,"name":"Docs","item":"https:\/\/bandelin.com\/docs\/"},{"@type":"ListItem","position":3,"name":"Kann ich VE-Wasser in meinem Ultraschallbad einsetzen?"}]},{"@type":"WebSite","@id":"https:\/\/bandelin.com\/#website","url":"https:\/\/bandelin.com\/","name":"BANDELIN electronic GmbH &amp; Co. KG","description":"Les ultrasons depuis 1955","publisher":{"@id":"https:\/\/bandelin.com\/#organization"},"potentialAction":[{"@type":"SearchAction","target":{"@type":"EntryPoint","urlTemplate":"https:\/\/bandelin.com\/?s={search_term_string}"},"query-input":{"@type":"PropertyValueSpecification","valueRequired":true,"valueName":"search_term_string"}}],"inLanguage":"fr-FR"},{"@type":"Organization","@id":"https:\/\/bandelin.com\/#organization","name":"BANDELIN electronic GmbH &amp; Co. KG","url":"https:\/\/bandelin.com\/","logo":{"@type":"ImageObject","inLanguage":"fr-FR","@id":"https:\/\/bandelin.com\/#\/schema\/logo\/image\/","url":"","contentUrl":"","caption":"BANDELIN electronic GmbH & Co. KG"},"image":{"@id":"https:\/\/bandelin.com\/#\/schema\/logo\/image\/"},"sameAs":["https:\/\/de-de.facebook.com\/bandelin.electronic\/","https:\/\/www.instagram.com\/bandelin_ultrasonic\/?hl=de","https:\/\/www.linkedin.com\/company\/bandelin-electronic-gmbh-amp-co-kg","https:\/\/www.youtube.com\/channel\/UC5wTNrNxkwMmX-WzysQqw3g"]}]}},"_links":{"self":[{"href":"https:\/\/bandelin.com\/fr\/wp-json\/wp\/v2\/docs\/159083","targetHints":{"allow":["GET"]}}],"collection":[{"href":"https:\/\/bandelin.com\/fr\/wp-json\/wp\/v2\/docs"}],"about":[{"href":"https:\/\/bandelin.com\/fr\/wp-json\/wp\/v2\/types\/docs"}],"author":[{"embeddable":true,"href":"https:\/\/bandelin.com\/fr\/wp-json\/wp\/v2\/users\/3"}],"version-history":[{"count":0,"href":"https:\/\/bandelin.com\/fr\/wp-json\/wp\/v2\/docs\/159083\/revisions"}],"wp:attachment":[{"href":"https:\/\/bandelin.com\/fr\/wp-json\/wp\/v2\/media?parent=159083"}],"wp:term":[{"taxonomy":"doc_category","embeddable":true,"href":"https:\/\/bandelin.com\/fr\/wp-json\/wp\/v2\/doc_category?post=159083"},{"taxonomy":"doc_tag","embeddable":true,"href":"https:\/\/bandelin.com\/fr\/wp-json\/wp\/v2\/doc_tag?post=159083"}],"curies":[{"name":"wp","href":"https:\/\/api.w.org\/{rel}","templated":true}]}}

Puis-je utiliser de l'eau déminéralisée dans mon bain à ultrasons ?

<p>L'eau déminéralisée pure a une tension de surface très élevée et endommage la cuve en acier inoxydable en cas de fonctionnement aux ultrasons. . Utilisée avec une préparation de nettoyage appropriée, l'eau déminéralisée peut améliorer l'efficacité du nettoyage.</p>

Betriebs &amp; Funktionsprüfung

<!-- This site is optimized with the Yoast SEO plugin v27.5 - https://yoast.com/product/yoast-seo-wordpress/ -->
<title>VE-Wasser im Ultraschallbad? Unsere Hinweise | BANDELIN</title>
<meta name="description" content="Informationen Sie sich über Kann ich VE-Wasser in meinem Ultraschallbad einsetzen? | Hochwertige Ultraschallbäder für Medizin und Industrie von Bandelin Electronic seit 1955." />
<meta name="robots" content="index, follow, max-snippet:-1, max-image-preview:large, max-video-preview:-1" />
<link rel="canonical" href="https://bandelin.com/fr/docs/test-de-fonctionnement/puis-je-ve-utiliser-leau-dans-mon-bain-ultrasonique/" />
<meta property="og:locale" content="fr_FR" />
<meta property="og:type" content="article" />
<meta property="og:title" content="VE-Wasser im Ultraschallbad? Unsere Hinweise | BANDELIN" />
<meta property="og:description" content="Informationen Sie sich über Kann ich VE-Wasser in meinem Ultraschallbad einsetzen? | Hochwertige Ultraschallbäder für Medizin und Industrie von Bandelin Electronic seit 1955." />
<meta property="og:url" content="https://bandelin.com/fr/docs/test-de-fonctionnement/puis-je-ve-utiliser-leau-dans-mon-bain-ultrasonique/" />
<meta property="og:site_name" content="BANDELIN electronic GmbH &amp; Co. KG" />
<meta property="article:publisher" content="https://de-de.facebook.com/bandelin.electronic/" />
<meta property="article:modified_time" content="2025-09-29T13:56:37+00:00" />
<meta name="twitter:card" content="summary_large_image" />
<meta name="twitter:label1" content="Durée de lecture estimée" />
	<meta name="twitter:data1" content="1 minute" />
<script type="application/ld+json" class="yoast-schema-graph">{"@context":"https:\/\/schema.org","@graph":[{"@type":"WebPage","@id":"https:\/\/bandelin.com\/docs\/betriebs-funktionspruefung\/kann-ich-ve-wasser-in-meinem-ultraschallbad-einsetzen\/","url":"https:\/\/bandelin.com\/docs\/betriebs-funktionspruefung\/kann-ich-ve-wasser-in-meinem-ultraschallbad-einsetzen\/","name":"VE-Wasser im Ultraschallbad? Unsere Hinweise | BANDELIN","isPartOf":{"@id":"https:\/\/bandelin.com\/#website"},"datePublished":"2021-07-21T10:19:50+00:00","dateModified":"2025-09-29T13:56:37+00:00","description":"Informationen Sie sich über Kann ich VE-Wasser in meinem Ultraschallbad einsetzen? | Hochwertige Ultraschallbäder für Medizin und Industrie von Bandelin Electronic seit 1955.","breadcrumb":{"@id":"https:\/\/bandelin.com\/docs\/betriebs-funktionspruefung\/kann-ich-ve-wasser-in-meinem-ultraschallbad-einsetzen\/#breadcrumb"},"inLanguage":"fr-FR","potentialAction":[{"@type":"ReadAction","target":["https:\/\/bandelin.com\/docs\/betriebs-funktionspruefung\/kann-ich-ve-wasser-in-meinem-ultraschallbad-einsetzen\/"]}]},{"@type":"BreadcrumbList","@id":"https:\/\/bandelin.com\/docs\/betriebs-funktionspruefung\/kann-ich-ve-wasser-in-meinem-ultraschallbad-einsetzen\/#breadcrumb","itemListElement":[{"@type":"ListItem","position":1,"name":"Startseite","item":"https:\/\/bandelin.com\/"},{"@type":"ListItem","position":2,"name":"Docs","item":"https:\/\/bandelin.com\/docs\/"},{"@type":"ListItem","position":3,"name":"Kann ich VE-Wasser in meinem Ultraschallbad einsetzen?"}]},{"@type":"WebSite","@id":"https:\/\/bandelin.com\/#website","url":"https:\/\/bandelin.com\/","name":"BANDELIN electronic GmbH & Co. KG","description":"Ultraschall seit 1955","publisher":{"@id":"https:\/\/bandelin.com\/#organization"},"potentialAction":[{"@type":"SearchAction","target":{"@type":"EntryPoint","urlTemplate":"https:\/\/bandelin.com\/?s={search_term_string}"},"query-input":{"@type":"PropertyValueSpecification","valueRequired":true,"valueName":"search_term_string"}}],"inLanguage":"fr-FR"},{"@type":"Organization","@id":"https:\/\/bandelin.com\/#organization","name":"BANDELIN electronic GmbH & Co. KG","url":"https:\/\/bandelin.com\/","logo":{"@type":"ImageObject","inLanguage":"fr-FR","@id":"https:\/\/bandelin.com\/#\/schema\/logo\/image\/","url":"","contentUrl":"","caption":"BANDELIN electronic GmbH & Co. KG"},"image":{"@id":"https:\/\/bandelin.com\/#\/schema\/logo\/image\/"},"sameAs":["https:\/\/de-de.facebook.com\/bandelin.electronic\/","https:\/\/www.instagram.com\/bandelin_ultrasonic\/?hl=de","https:\/\/www.linkedin.com\/company\/bandelin-electronic-gmbh-amp-co-kg","https:\/\/www.youtube.com\/channel\/UC5wTNrNxkwMmX-WzysQqw3g"]}]}</script>
<!-- / Yoast SEO plugin. -->

Eau déminéralisée dans un bain à ultrasons ? Nos conseils | BANDELIN

Informations sur Puis-je utiliser de l'eau déminéralisée dans mon bain à ultrasons ? | Bains à ultrasons de haute qualité pour la médecine et l'industrie de Bandelin Electronic depuis 1955.

Informationen Sie sich über Kann ich VE-Wasser in meinem Ultraschallbad einsetzen? | Hochwertige Ultraschallbäder für Medizin und Industrie von Bandelin Electronic seit 1955.
